
-29
Let a(t) = t**3 + 20*t**2 + 2. Determine a(-20).
2
Let t(c) = c**2 - 7*c. Calculate t(-5).
60
Let o(b) = b**2 - 4*b - 11. Give o(5).
-6
Let k(h) = -19*h + 62. Give k(4).
-14
Let l(a) = a**2 - 7*a + 4. Determine l(5).
-6
Let n(o) = -o - 8. Calculate n(0).
-8
Let x(h) = -6*h**3 + 2*h**2 - 3*h - 1. What is x(2)?
-47
Let y(c) = 3*c - 45. Calculate y(9).
-18
Let n(l) = -17*l - 32. Calculate n(-2).
2
Let d(s) = -s**2 - 17*s + 11. Give d(-18).
-7
Let a(b) = -3*b**2 + 14*b + 1. Give a(6).
-23
Let q(o) = o**2 - 9*o + 8. Calculate q(8).
0
Let a(h) = -h**2 + 19*h + 18. Calculate a(20).
-2
Let y(u) = -u**2 - 5*u - 4. Give y(-7).
-18
Let f(o) = o**3 - 6*o**2 - 7. What is f(7)?
42
Let a(t) = 6*t - 64. Calculate a(10).
-4
Let x(b) = -2*b + 53. Determine x(24).
5
Let s(y) = y - 6. What is s(17)?
11
Let v(s) = 6*s - 2. What is v(3)?
16
Let q(m) = m**2 + 10*m + 15. Determine q(-8).
-1
Let q(d) = d**3 - 14*d**2 - 3*d - 2. What is q(14)?
-44
Let k(p) = p**3 + 17*p**2 - 38*p - 5. Determine k(-19).
-5
Let c(q) = -33*q**3 + q**2 + 2*q + 2. Determine c(-1).
34
Let z(u) = -3*u - 5. Determine z(-8).
19
Let q(i) = 2*i**2 + 18*i + 19. Determine q(-8).
3
Let d(v) = v**3 + 6*v**2 - 13*v - 10. Determine d(-8).
-34
Let f(n) = -2*n - 16. Determine f(-7).
-2
Let m(h) = -7*h + 41. Determine m(5).
6
Let a(h) = 2*h - 51. Calculate a(32).
13
Let m(h) = 2*h. Calculate m(2).
4
Let r(u) = -u**2 + 10. What is r(0)?
10
Let b(k) = -k**2 + 14*k + 6. Determine b(15).
-9
Let g(v) = 2*v**2 - 18*v + 7. Calculate g(9).
7
Let n(k) = -2*k**2 + 5*k - 8. Determine n(4).
-20
Let q(b) = -b**2 - 47*b - 536. Calculate q(-19).
-4
Let y(i) = 7*i - 5. Determine y(2).
9
Let a(m) = -m**2 + 7*m - 14. What is a(6)?
-8
Let s(n) = n + 13. Determine s(-10).
3
Let c(b) = 19*b - 5. What is c(8)?
147
Let l(m) = 2*m**2 - 2*m - 2. Calculate l(-1).
2
Let g(j) = -6*j + 224. What is g(37)?
2
Let a(v) = v**2 + v + 4. Give a(0).
4
Let f(a) = a**2 - 9*a + 3. What is f(6)?
-15
Let v(w) = w**3 - 5*w**2 + 5*w + 6. Calculate v(5).
31
Let s(i) = 12*i + 86. Calculate s(-7).
2
Let z(n) = 2*n**2 - 8*n + 7. Give z(6).
31
Let l(x) = -x**3 + 9*x**2 + 10*x + 16. Determine l(10).
16
Let q(v) = -v**3 - 11*v**2 - 12*v - 24. Calculate q(-10).
-4
Let l(s) = -s**3 + 28*s**2 - 51*s + 8. Determine l(26).
34
Let f(i) = 19*i + 16. Determine f(-1).
-3
Let j(m) = m - 1. Calculate j(6).
5
Let q(h) = h**2 + 17*h - 34. Determine q(2).
4
Let v(s) = 7*s**2 + 3*s - 1. What is v(1)?
9
Let d(g) = -2*g**2 + g - 4. Calculate d(-2).
-14
Let g(o) = o**3 + 7*o**2 - 2*o - 4. Determine g(-7).
10
Let c(k) = -k**2 - 11*k - 3. Calculate c(-10).
7
Let t(k) = k**3 - 18*k**2 + 14*k + 15. Determine t(17).
-36
Let g(r) = -2*r + 12. Give g(10).
-8
Let h(m) = m**2 + 12*m + 13. Determine h(-12).
13
Let r(f) = -f**2 + 39*f + 42. What is r(41)?
-40
Let n(j) = j**3 + 4*j**2 - 15*j - 63. Give n(-4).
-3
Let h(p) = p**2 - 22*p + 10. Give h(18).
-62
Let o(z) = -2*z**2 + 7*z. Give o(5).
-15
Let w(k) = 4*k**3 - k**2 + 4*k - 4. Determine w(2).
32
Let k(r) = -r**3 - 23*r**2 + 3*r + 23. Calculate k(-23).
-46
Let c(i) = 2*i**3 - 14*i**2 + 11*i + 7. Give c(6).
1
Let u(p) = 3*p + 2. Give u(-3).
-7
Let x(h) = -h**3 + 2*h**2 + 10*h + 11. Calculate x(5).
-14
Let d(z) = -7*z**2 + z + 1. Calculate d(-1).
-7
Let t(k) = k**2 - 6*k + 5. Give t(4).
-3
Let k(f) = f**3 + 14*f**2 - 16*f - 6. What is k(-15)?
9
Let v(q) = q**2 + 12*q - 1. Determine v(-14).
27
Let f(q) = -q**2 + 7*q - 13. Give f(4).
-1
Let a(s) = -s**3 + 6*s**2 - 10*s + 2. Determine a(5).
-23
Let y(o) = -o**2 - 4*o - 9. Calculate y(-2).
-5
Let a(f) = -8*f - 13. What is a(-2)?
3
Let q(i) = -52*i**2 + 5*i - 3. Give q(1).
-50
Let k(x) = x**3 - 7*x**2 - 18. Determine k(7).
-18
Let v(b) = 5*b + 2. Calculate v(-3).
-13
Let b(o) = o**2 + 6*o - 28. What is b(-9)?
-1
Let s(z) = -6*z + 71. What is s(17)?
-31
Let m(o) = -o + 8. What is m(20)?
-12
Let j(a) = -3*a**2 + 9*a + 25. What is j(-2)?
-5
Let g(k) = k - 9. Calculate g(8).
-1
Let b(o) = 5*o**2 - 44*o + 87. Calculate b(2).
19
Let h(b) = -b**3 - 5*b**2 - 5*b - 3. What is h(-4)?
1
Let f(j) = -j**3 + 35*j**2 - 30*j - 83. Calculate f(34).
53
Let i(k) = k**3 - 9*k**2 + 11*k - 18. Determine i(8).
6
Let h(s) = -s**3 + 15*s**2 - 3*s + 6. Calculate h(15).
-39
Let p(d) = 5*d + 9. Calculate p(1).
14
Let u(b) = 2*b + 5. Determine u(-13).
-21
Let l(k) = -3*k**3 + 2*k**2 + 4*k + 2. Give l(-2).
26
Let c(q) = -q**2 + 24*q - 34. Calculate c(23).
-11
Let t(s) = s + 40. Calculate t(17).
57
Let f(w) = 5*w - 34. Calculate f(11).
21
Let s(q) = -3*q**2 + 12*q + 16. Determine s(5).
1
Let t(h) = h**2 + 14*h + 50. Give t(-10).
10
Let d(u) = -12*u + 31. Give d(7).
-53
Let n(f) = 6*f - 50. What is n(7)?
-8
Let o(v) = -v**2 - v - 4. Calculate o(0).
-4
Let k(n) = -n**3 - 2*n**2 + 4*n - 4. What is k(4)?
-84
Let h(k) = 2*k**2 - 35*k + 30. Determine h(17).
13
Let i(b) = -b**3 - b**2 - b + 4. Determine i(2).
-10
Let u(v) = -2*v**2 + 2. Give u(2).
-6
Let s(o) = -o**3 + 16*o**2 + 33*o + 66. Calculate s(18).
12
Let s(k) = k + 42. Determine s(-32).
10
Let y(c) = 10*c + 23. What is y(8)?
103
Let l(h) = -h**3 - 25*h**2 + 28*h + 25. Give l(-26).
-27
Let c(s) = -s**3 + 10*s**2 - 13*s + 44. What is c(9)?
8
Let a(f) = 5*f - 56. Determine a(0).
-56
Let w(s) = -2*s**3 + 11*s**2 + 6*s + 3. What is w(6)?
3
Let j(t) = t**2 - t - 4. Determine j(6).
26
Let f(q) = -q - 11. Give f(-10).
-1
Let w(j) = -4*j - 126. What is w(-32)?
2
Let n(f) = -f - 7. Calculate n(0).
-7
Let y(l) = -l**3 - 6*l**2 - 2*l - 3. What is y(-5)?
-18
Let r(k) = k**3 + 11*k**2. Determine r(-11).
0
Let o(i) = i**2 + 6*i - 1. What is o(-6)?
-1
Let t(n) = -n**3 + 9*n**2 - 11*n + 37. Determine t(9).
-62
Let r(s) = -7*s**2 - 6*s - 18. Determine r(-2).
-34
Let n(q) = q + 12. Give n(12).
24
Let x(o) = o**2 + 9*o - 259. Calculate x(12).
-7
Let m(k) = k**3 + 14*k**2 - 21*k - 91. Calculate m(-15).
-1
Let u(a) = -2*a + 8. Give u(-6).
20
Let z(g) = 3*g**2 + 10*g + 3. Calculate z(-2).
-5
Let p(h) = -4*h + 6. Give p(-6).
30
Let x(l) = 3*l**2 - 6*l + 6. Determine x(2).
6
Let s(o) = -18*o + 28. Give s(2).
-8
Let w(v) = -16*v - 2. Give w(-1).
14
Let g(s) = -s**2 - 16*s - 65. What is g(-11)?
-10
Let b(a) = -a**3 - 3*a**2 + 41*a - 4. Determine b(5).
1
Let o(r) = r**3 + 3*r - 4. Calculate o(-3).
-40
Let r(y) = -y**3 - 21*y**2 - 18*y + 25. Give r(-20).
-15
Let j(w) = -w - 18. Give j(-13).
-5
Let g(w) = w**2 + 8*w - 8. Calculate g(-10).
12
Let r(j) = 7*j**2 - 5*j - 6. Calculate r(-1).
6
Let x(d) = 5*d + 22. Give x(-8).
-18
Let f(s) = s**2 + 14*s + 11. Give f(-12).
-13
Let t(u) = -4*u**2 - 101*u + 22. What is t(-25)?
47
Let s(q) = -q**2 - 6*q + 5. Give s(-6).
5
Let w(m) = m**3 - 28*m**2 + 29*m - 4. What is w(27)?
50
Let b(k) = 10*k + 93. Calculate b(-11).
-17
Let m(a) = -21*a**2 - a - 1. Calculate m(-1).
-21
Let p(b) = -4*b**3 - 5*b**2 - 6*b - 7. What is p(-3)?
74
Let b(g) = g**3 - 10*g**2 - 23*g - 19. What is b(12)?
-7
Let g(x) = x**2 - 10*x + 10. What is g(7)?
-11
Let x(v) = -3*v**2 - 112*v + 64. What is x(-38)?
-12
Let p(c) = -c**3 + 23*c**2 - 24*c - 375. Calculate p(21).
3
Let q(b) = b**2 + 23*b - 62. Give q(-23).
-62
Let h(w) = 4*w**2 + 4*w + 5. Calculate h(-3).
29
Let f(z) = z**3 + 6*z**2 + 5*z - 12. Determine f(-5).
-12
Let h(n) = 4*n + 3. Determine h(5).
23
Let i(w) = 16*w**3 - 2*w**2 - 2*w + 1. Give i(-1).
-15
Let r(g) = 6*g**2 - 5*g + 5. Calculate r(2).
19
Let q(t) = -t**3 - t**2 + 323*t - 642. What is q(2)?
-8
Let p(n) = -18*n + 1. Give p(-2).
37
Let q(s) = 2*s**2 - 2. What is q(2)?
6
Let h(o) = -2*o + 38. Determine h(-3).
44
Let f(k) = k**3 + 3*k**2 - k. Determine f(-3).
3
Let q(x) = -13*x + 51. What is q(5)?
-14
Let q(k) = -k**3 + 15*k - 12. What is q(6)?
-138
Let g(w) = -3*w + 30. Give g(8).
6
Let v(a) = 8*a**2 - 13*a - 3. What is v(2)?
3
Let m(y) = y**3 + 14*y**2 + 15*y + 6. Calculate m(-13).
-20
Let p(g) = 2*g**3 + 7*g**2 - 9. Calculate p(-5).
-84
Let s(c) = 2*c**3 - 83*c**2 + 43*c - 83. What is s(41)?
-1
Let g(x) = 3*x**2 + 23*x - 1. Calculate g(-8).
7
Let v(d) = 10*d - 56. Give v(4).
-16
Let j(d) = -11*d - 75. Give j(-15).
90
Let d(x) = x**3 - 7*x**2 - 20*x + 143. What is d(7)?
3
Let a(b) = b**2 + 14*b - 7. Determine a(-4).
-47
Let w(f) = f**2 + 16*f - 5. Determine w(-15).
-20
Let k(g) = -g**2 + 9*g - 13. Determine k(6).
5
Let u(j) = -12*j + 72. What is u(8)?
-24
Le